{"id":246,"date":"2019-07-14T01:53:44","date_gmt":"2019-07-14T01:53:44","guid":{"rendered":"https:\/\/www.fotografiadereciennacido.com\/?page_id=246"},"modified":"2019-07-15T16:20:08","modified_gmt":"2019-07-15T16:20:08","slug":"como-calmar-a-un-bebe","status":"publish","type":"page","link":"https:\/\/www.fotografiadereciennacido.com\/index.php\/como-calmar-a-un-bebe\/","title":{"rendered":"\u00bfC\u00f3mo calmar a un beb\u00e9?"},"content":{"rendered":"\n<p>Por supuesto que todos amamos a nuestros peque\u00f1os, pero sabemos que no todo es color de rosas. Muchas veces, como padres, tendemos a cansarnos, a sentirnos abrumados y simplemente frustrados cuando no sabemos exactamente qu\u00e9 necesitan nuestros peques.\u00a0Ah\u00ed es cuando estos 5 pasos entran en acci\u00f3n. \u00a0El Dr. Harvey Karp desarroll\u00f3 esta t\u00e9cnica y lo explica todo en su libro \u201cEl beb\u00e9 m\u00e1s feliz del barrio\u201d<\/p>\n\n\n\n<p>Todos estos puntos son igual de\nimportantes y algo que todo nuevo padre debe considerar como su biblia cuando\nse trata de calmar a sus hijos.<\/p>\n\n\n\n<p>1. Envolver<\/p>\n\n\n\n<p>Un beb\u00e9 calentito y envuelto es el primer paso para un m\u00e9todo de calma.\u00a0Envolverlo es ideal para disminuir las molestias y aumentar el sue\u00f1o de un reci\u00e9n nacido.<\/p>\n\n\n\n<div class=\"wp-block-button is-style-squared\"><a class=\"wp-block-button__link\" href=\"https:\/\/www.fotografiadereciennacido.com\/index.php\/como-envolver-a-mi-bebe-para-ayudar-a-calmarlo\/\">Ver \u00ab\u00bfC\u00f3mo envolver a mi beb\u00e9 para ayudar a calmarlo?\u00bb<\/a><\/div>\n\n\n\n<p> 2. Ponerlo de lado <\/p>\n\n\n\n<p>Este m\u00e9todo no es para lograr un sue\u00f1o profundo sino para un beb\u00e9 que solo necesita calmarse.\u00a0Sostener a un beb\u00e9 de lado, boca abajo o incluso sobre tu hombro puede ayudar a calmarlo y que se relaje lentamente.<\/p>\n\n\n\n<p>3. Shhhhs y sonido blanco<\/p>\n\n\n\n<p>\u00bfQueres aumentar el sue\u00f1o de tus beb\u00e9s?\u00a0Prob\u00e1 el sonido blanco.\u00a0Es la mejor manera de recrear lo que el beb\u00e9 pudo haber escuchado en el \u00fatero.\u00a0\u00a1Funciona casi todas las veces, e incluso puede ser un ruido relajante para los padres!\u00a0Hay un mont\u00f3n de aplicaciones en el celular 100% gratuitas. Y tambi\u00e9n esta el bendito shusher que me ver\u00e1n usar muchas veces en las sesiones. Es una app paga pero que repite el shhh que les decimos a nuestros beb\u00e9s incansablemente. Mientras ustedes descansan con el mismo shh, el beb\u00e9 tambi\u00e9n.\u00a0<\/p>\n\n\n\n<p>4. Balancearse<\/p>\n\n\n\n<p>El m\u00e9todo de balanceo es excelente para crear peque\u00f1os movimientos para calmar al beb\u00e9 como mover hacia arriba y hacia abajo o moverse de lado a lado.\u00a0Aunque, ten\u00e9 en cuenta que hay que mantener los movimientos peque\u00f1os y apoyar al beb\u00e9 mientras se mece.\u00a0\u00a0<\/p>\n\n\n\n<p>5. Succi\u00f3n<\/p>\n\n\n\n<p>\u00a1Piensa en el chupete!\u00a0Succionar es una excelente manera para que un beb\u00e9 se relaje y simplemente se recueste y se sumerja en un estado de tranquilidad.\u00a0Succionar ayuda al beb\u00e9 a concentrarse y mantener la calma. Esto no quiere decir que su beb\u00e9 utilizar\u00e1 el chupete por siempre, sino que los ayudar\u00e1 en sus momentos de ansiedad. Es por eso que les solicito que lleven el chupete a la sesi\u00f3n, porque la ansiedad que siente el beb\u00e9 por estar en un ambiente desconocido es f\u00e1cil de controlar con el chupete. Tip que aprend\u00ed en estos a\u00f1os, si el beb\u00e9 no quiere agarrar el chupete en la primera prueba no desistas, intent\u00e1 estimular el paladar con la tetina pl\u00e1stica del chupete. <\/p>\n\n\n\n<p>Todos estos puntos ayudan a aumentar el estado de relajaci\u00f3n de los beb\u00e9s mientras que simult\u00e1neamente aumentan su sue\u00f1o.\u00a0Dormir es muy importante para un beb\u00e9, as\u00ed que ten\u00e9 en cuenta estos puntos cuando trates de calmar a tu beb\u00e9 para que vuelva a dormir profundamente, especialmente para las llamadas de despertador nocturnas.<\/p>\n\n\n\n<p>Pod\u00e9s leer m\u00e1s informaci\u00f3n y encontrar un enlace al libro del Dr. Kelp en su sitio web:\u00a0<\/p>\n\n\n\n<p>&nbsp;<a href=\"https:\/\/www.happiestbaby.com\/blogs\/blog\/the-5-s-s-for-soothing-babies\">https:\/\/www.happiestbaby.com\/blogs\/blog\/the-5-ss-for-soothing-babies<\/a><\/p>\n","protected":false},"excerpt":{"rendered":"<p>Por supuesto que todos amamos a nuestros peque\u00f1os, pero sabemos que no todo es color de rosas. Muchas veces, como padres, tendemos a cansarnos, a sentirnos abrumados y simplemente frustrados cuando no sabemos exactamente qu\u00e9 necesitan nuestros peques.\u00a0Ah\u00ed es cuando estos 5 pasos entran en acci\u00f3n. \u00a0El Dr. Harvey Karp desarroll\u00f3 esta t\u00e9cnica y lo [&hellip;]<\/p>\n","protected":false},"author":1,"featured_media":0,"parent":0,"menu_order":0,"comment_status":"closed","ping_status":"closed","template":"","meta":{"footnotes":""},"yoast_head":"<!-- This site is optimized with the Yoast SEO plugin v22.9 - https:\/\/yoast.com\/wordpress\/plugins\/seo\/ -->\n<title>\u00bfC\u00f3mo calmar a un beb\u00e9?<\/title>\n<meta name=\"description\" content=\"Por supuesto que todos amamos a nuestros peque\u00f1os, pero sabemos que no todo es color de rosas. Muchas veces, como padres, tendemos a cansarnos, a\" \/>\n<meta name=\"robots\" content=\"index, follow, max-snippet:-1, max-image-preview:large, max-video-preview:-1\" \/>\n<link rel=\"canonical\" href=\"https:\/\/www.fotografiadereciennacido.com\/index.php\/como-calmar-a-un-bebe\/\" \/>\n<meta property=\"og:locale\" content=\"es_ES\" \/>\n<meta property=\"og:type\" content=\"article\" \/>\n<meta property=\"og:title\" content=\"\u00bfC\u00f3mo calmar a un beb\u00e9?\" \/>\n<meta property=\"og:description\" content=\"Por supuesto que todos amamos a nuestros peque\u00f1os, pero sabemos que no todo es color de rosas. Muchas veces, como padres, tendemos a cansarnos, a\" \/>\n<meta property=\"og:url\" content=\"https:\/\/www.fotografiadereciennacido.com\/index.php\/como-calmar-a-un-bebe\/\" \/>\n<meta property=\"og:site_name\" content=\"Elo&iacute;sa Roquero Fotograf&iacute;a\" \/>\n<meta property=\"article:modified_time\" content=\"2019-07-15T16:20:08+00:00\" \/>\n<meta name=\"twitter:card\" content=\"summary_large_image\" \/>\n<meta name=\"twitter:label1\" content=\"Tiempo de lectura\" \/>\n\t<meta name=\"twitter:data1\" content=\"3 minutos\" \/>\n<script type=\"application\/ld+json\" class=\"yoast-schema-graph\">{\"@context\":\"https:\/\/schema.org\",\"@graph\":[{\"@type\":\"WebPage\",\"@id\":\"https:\/\/www.fotografiadereciennacido.com\/index.php\/como-calmar-a-un-bebe\/\",\"url\":\"https:\/\/www.fotografiadereciennacido.com\/index.php\/como-calmar-a-un-bebe\/\",\"name\":\"\u00bfC\u00f3mo calmar a un beb\u00e9?\",\"isPartOf\":{\"@id\":\"https:\/\/www.fotografiadereciennacido.com\/#website\"},\"datePublished\":\"2019-07-14T01:53:44+00:00\",\"dateModified\":\"2019-07-15T16:20:08+00:00\",\"description\":\"Por supuesto que todos amamos a nuestros peque\u00f1os, pero sabemos que no todo es color de rosas. Muchas veces, como padres, tendemos a cansarnos, a\",\"breadcrumb\":{\"@id\":\"https:\/\/www.fotografiadereciennacido.com\/index.php\/como-calmar-a-un-bebe\/#breadcrumb\"},\"inLanguage\":\"es\",\"potentialAction\":[{\"@type\":\"ReadAction\",\"target\":[\"https:\/\/www.fotografiadereciennacido.com\/index.php\/como-calmar-a-un-bebe\/\"]}]},{\"@type\":\"BreadcrumbList\",\"@id\":\"https:\/\/www.fotografiadereciennacido.com\/index.php\/como-calmar-a-un-bebe\/#breadcrumb\",\"itemListElement\":[{\"@type\":\"ListItem\",\"position\":1,\"name\":\"Portada\",\"item\":\"https:\/\/www.fotografiadereciennacido.com\/\"},{\"@type\":\"ListItem\",\"position\":2,\"name\":\"\u00bfC\u00f3mo calmar a un beb\u00e9?\"}]},{\"@type\":\"WebSite\",\"@id\":\"https:\/\/www.fotografiadereciennacido.com\/#website\",\"url\":\"https:\/\/www.fotografiadereciennacido.com\/\",\"name\":\"Elo\u00edsa Roquero Fotograf\u00eda\",\"description\":\"Fotograf&iacute;a Infantil en San Jos&eacute; de Mayo\",\"publisher\":{\"@id\":\"https:\/\/www.fotografiadereciennacido.com\/#\/schema\/person\/85f22c1d782294d6ff0beb11f09b368c\"},\"potentialAction\":[{\"@type\":\"SearchAction\",\"target\":{\"@type\":\"EntryPoint\",\"urlTemplate\":\"https:\/\/www.fotografiadereciennacido.com\/?s={search_term_string}\"},\"query-input\":\"required name=search_term_string\"}],\"inLanguage\":\"es\"},{\"@type\":[\"Person\",\"Organization\"],\"@id\":\"https:\/\/www.fotografiadereciennacido.com\/#\/schema\/person\/85f22c1d782294d6ff0beb11f09b368c\",\"name\":\"admin\",\"image\":{\"@type\":\"ImageObject\",\"inLanguage\":\"es\",\"@id\":\"https:\/\/www.fotografiadereciennacido.com\/#\/schema\/person\/image\/\",\"url\":\"https:\/\/secure.gravatar.com\/avatar\/7fe5df0765ebcb75c457e93ea01d8886?s=96&d=mm&r=g\",\"contentUrl\":\"https:\/\/secure.gravatar.com\/avatar\/7fe5df0765ebcb75c457e93ea01d8886?s=96&d=mm&r=g\",\"caption\":\"admin\"},\"logo\":{\"@id\":\"https:\/\/www.fotografiadereciennacido.com\/#\/schema\/person\/image\/\"}}]}<\/script>\n<!-- \/ Yoast SEO plugin. -->","yoast_head_json":{"title":"\u00bfC\u00f3mo calmar a un beb\u00e9?","description":"Por supuesto que todos amamos a nuestros peque\u00f1os, pero sabemos que no todo es color de rosas. Muchas veces, como padres, tendemos a cansarnos, a","robots":{"index":"index","follow":"follow","max-snippet":"max-snippet:-1","max-image-preview":"max-image-preview:large","max-video-preview":"max-video-preview:-1"},"canonical":"https:\/\/www.fotografiadereciennacido.com\/index.php\/como-calmar-a-un-bebe\/","og_locale":"es_ES","og_type":"article","og_title":"\u00bfC\u00f3mo calmar a un beb\u00e9?","og_description":"Por supuesto que todos amamos a nuestros peque\u00f1os, pero sabemos que no todo es color de rosas. Muchas veces, como padres, tendemos a cansarnos, a","og_url":"https:\/\/www.fotografiadereciennacido.com\/index.php\/como-calmar-a-un-bebe\/","og_site_name":"Elo&iacute;sa Roquero Fotograf&iacute;a","article_modified_time":"2019-07-15T16:20:08+00:00","twitter_card":"summary_large_image","twitter_misc":{"Tiempo de lectura":"3 minutos"},"schema":{"@context":"https:\/\/schema.org","@graph":[{"@type":"WebPage","@id":"https:\/\/www.fotografiadereciennacido.com\/index.php\/como-calmar-a-un-bebe\/","url":"https:\/\/www.fotografiadereciennacido.com\/index.php\/como-calmar-a-un-bebe\/","name":"\u00bfC\u00f3mo calmar a un beb\u00e9?","isPartOf":{"@id":"https:\/\/www.fotografiadereciennacido.com\/#website"},"datePublished":"2019-07-14T01:53:44+00:00","dateModified":"2019-07-15T16:20:08+00:00","description":"Por supuesto que todos amamos a nuestros peque\u00f1os, pero sabemos que no todo es color de rosas. Muchas veces, como padres, tendemos a cansarnos, a","breadcrumb":{"@id":"https:\/\/www.fotografiadereciennacido.com\/index.php\/como-calmar-a-un-bebe\/#breadcrumb"},"inLanguage":"es","potentialAction":[{"@type":"ReadAction","target":["https:\/\/www.fotografiadereciennacido.com\/index.php\/como-calmar-a-un-bebe\/"]}]},{"@type":"BreadcrumbList","@id":"https:\/\/www.fotografiadereciennacido.com\/index.php\/como-calmar-a-un-bebe\/#breadcrumb","itemListElement":[{"@type":"ListItem","position":1,"name":"Portada","item":"https:\/\/www.fotografiadereciennacido.com\/"},{"@type":"ListItem","position":2,"name":"\u00bfC\u00f3mo calmar a un beb\u00e9?"}]},{"@type":"WebSite","@id":"https:\/\/www.fotografiadereciennacido.com\/#website","url":"https:\/\/www.fotografiadereciennacido.com\/","name":"Elo\u00edsa Roquero Fotograf\u00eda","description":"Fotograf&iacute;a Infantil en San Jos&eacute; de Mayo","publisher":{"@id":"https:\/\/www.fotografiadereciennacido.com\/#\/schema\/person\/85f22c1d782294d6ff0beb11f09b368c"},"potentialAction":[{"@type":"SearchAction","target":{"@type":"EntryPoint","urlTemplate":"https:\/\/www.fotografiadereciennacido.com\/?s={search_term_string}"},"query-input":"required name=search_term_string"}],"inLanguage":"es"},{"@type":["Person","Organization"],"@id":"https:\/\/www.fotografiadereciennacido.com\/#\/schema\/person\/85f22c1d782294d6ff0beb11f09b368c","name":"admin","image":{"@type":"ImageObject","inLanguage":"es","@id":"https:\/\/www.fotografiadereciennacido.com\/#\/schema\/person\/image\/","url":"https:\/\/secure.gravatar.com\/avatar\/7fe5df0765ebcb75c457e93ea01d8886?s=96&d=mm&r=g","contentUrl":"https:\/\/secure.gravatar.com\/avatar\/7fe5df0765ebcb75c457e93ea01d8886?s=96&d=mm&r=g","caption":"admin"},"logo":{"@id":"https:\/\/www.fotografiadereciennacido.com\/#\/schema\/person\/image\/"}}]}},"_links":{"self":[{"href":"https:\/\/www.fotografiadereciennacido.com\/index.php\/wp-json\/wp\/v2\/pages\/246"}],"collection":[{"href":"https:\/\/www.fotografiadereciennacido.com\/index.php\/wp-json\/wp\/v2\/pages"}],"about":[{"href":"https:\/\/www.fotografiadereciennacido.com\/index.php\/wp-json\/wp\/v2\/types\/page"}],"author":[{"embeddable":true,"href":"https:\/\/www.fotografiadereciennacido.com\/index.php\/wp-json\/wp\/v2\/users\/1"}],"replies":[{"embeddable":true,"href":"https:\/\/www.fotografiadereciennacido.com\/index.php\/wp-json\/wp\/v2\/comments?post=246"}],"version-history":[{"count":5,"href":"https:\/\/www.fotografiadereciennacido.com\/index.php\/wp-json\/wp\/v2\/pages\/246\/revisions"}],"predecessor-version":[{"id":252,"href":"https:\/\/www.fotografiadereciennacido.com\/index.php\/wp-json\/wp\/v2\/pages\/246\/revisions\/252"}],"wp:attachment":[{"href":"https:\/\/www.fotografiadereciennacido.com\/index.php\/wp-json\/wp\/v2\/media?parent=246"}],"curies":[{"name":"wp","href":"https:\/\/api.w.org\/{rel}","templated":true}]}}

¿Cómo calmar a un bebé?

<p>Por supuesto que todos amamos a nuestros pequeños, pero sabemos que no todo es color de rosas. Muchas veces, como padres, tendemos a cansarnos, a sentirnos abrumados y simplemente frustrados cuando no sabemos exactamente qué necesitan nuestros peques. Ahí es cuando estos 5 pasos entran en acción.  El Dr. Harvey Karp desarrolló esta técnica y lo explica todo en su libro “El bebé más feliz del barrio”</p>



<p>Todos estos puntos son igual de
importantes y algo que todo nuevo padre debe considerar como su biblia cuando
se trata de calmar a sus hijos.</p>



<p>1. Envolver</p>



<p>Un bebé calentito y envuelto es el primer paso para un método de calma. Envolverlo es ideal para disminuir las molestias y aumentar el sueño de un recién nacido.</p>



<div class="wp-block-button is-style-squared"><a class="wp-block-button__link" href="https://www.fotografiadereciennacido.com/index.php/como-envolver-a-mi-bebe-para-ayudar-a-calmarlo/">Ver «¿Cómo envolver a mi bebé para ayudar a calmarlo?»</a></div>



<p> 2. Ponerlo de lado </p>



<p>Este método no es para lograr un sueño profundo sino para un bebé que solo necesita calmarse. Sostener a un bebé de lado, boca abajo o incluso sobre tu hombro puede ayudar a calmarlo y que se relaje lentamente.</p>



<p>3. Shhhhs y sonido blanco</p>



<p>¿Queres aumentar el sueño de tus bebés? Probá el sonido blanco. Es la mejor manera de recrear lo que el bebé pudo haber escuchado en el útero. ¡Funciona casi todas las veces, e incluso puede ser un ruido relajante para los padres! Hay un montón de aplicaciones en el celular 100% gratuitas. Y también esta el bendito shusher que me verán usar muchas veces en las sesiones. Es una app paga pero que repite el shhh que les decimos a nuestros bebés incansablemente. Mientras ustedes descansan con el mismo shh, el bebé también. </p>



<p>4. Balancearse</p>



<p>El método de balanceo es excelente para crear pequeños movimientos para calmar al bebé como mover hacia arriba y hacia abajo o moverse de lado a lado. Aunque, tené en cuenta que hay que mantener los movimientos pequeños y apoyar al bebé mientras se mece.  </p>



<p>5. Succión</p>



<p>¡Piensa en el chupete! Succionar es una excelente manera para que un bebé se relaje y simplemente se recueste y se sumerja en un estado de tranquilidad. Succionar ayuda al bebé a concentrarse y mantener la calma. Esto no quiere decir que su bebé utilizará el chupete por siempre, sino que los ayudará en sus momentos de ansiedad. Es por eso que les solicito que lleven el chupete a la sesión, porque la ansiedad que siente el bebé por estar en un ambiente desconocido es fácil de controlar con el chupete. Tip que aprendí en estos años, si el bebé no quiere agarrar el chupete en la primera prueba no desistas, intentá estimular el paladar con la tetina plástica del chupete. </p>



<p>Todos estos puntos ayudan a aumentar el estado de relajación de los bebés mientras que simultáneamente aumentan su sueño. Dormir es muy importante para un bebé, así que tené en cuenta estos puntos cuando trates de calmar a tu bebé para que vuelva a dormir profundamente, especialmente para las llamadas de despertador nocturnas.</p>



<p>Podés leer más información y encontrar un enlace al libro del Dr. Kelp en su sitio web: </p>



<p>&nbsp;<a href="https://www.happiestbaby.com/blogs/blog/the-5-s-s-for-soothing-babies">https://www.happiestbaby.com/blogs/blog/the-5-ss-for-soothing-babies</a></p>

<p>Por supuesto que todos amamos a nuestros pequeños, pero sabemos que no todo es color de rosas. Muchas veces, como padres, tendemos a cansarnos, a sentirnos abrumados y simplemente frustrados cuando no sabemos exactamente qué necesitan nuestros peques. Ahí es cuando estos 5 pasos entran en acción.  El Dr. Harvey Karp desarrolló esta técnica y lo [&hellip;]</p>

<!-- This site is optimized with the Yoast SEO plugin v22.9 - https://yoast.com/wordpress/plugins/seo/ -->
<title>¿Cómo calmar a un bebé?</title>
<meta name="description" content="Por supuesto que todos amamos a nuestros pequeños, pero sabemos que no todo es color de rosas. Muchas veces, como padres, tendemos a cansarnos, a" />
<meta name="robots" content="index, follow, max-snippet:-1, max-image-preview:large, max-video-preview:-1" />
<link rel="canonical" href="https://www.fotografiadereciennacido.com/index.php/como-calmar-a-un-bebe/" />
<meta property="og:locale" content="es_ES" />
<meta property="og:type" content="article" />
<meta property="og:title" content="¿Cómo calmar a un bebé?" />
<meta property="og:description" content="Por supuesto que todos amamos a nuestros pequeños, pero sabemos que no todo es color de rosas. Muchas veces, como padres, tendemos a cansarnos, a" />
<meta property="og:url" content="https://www.fotografiadereciennacido.com/index.php/como-calmar-a-un-bebe/" />
<meta property="og:site_name" content="Elo&iacute;sa Roquero Fotograf&iacute;a" />
<meta property="article:modified_time" content="2019-07-15T16:20:08+00:00" />
<meta name="twitter:card" content="summary_large_image" />
<meta name="twitter:label1" content="Tiempo de lectura" />
	<meta name="twitter:data1" content="3 minutos" />
<script type="application/ld+json" class="yoast-schema-graph">{"@context":"https://schema.org","@graph":[{"@type":"WebPage","@id":"https://www.fotografiadereciennacido.com/index.php/como-calmar-a-un-bebe/","url":"https://www.fotografiadereciennacido.com/index.php/como-calmar-a-un-bebe/","name":"¿Cómo calmar a un bebé?","isPartOf":{"@id":"https://www.fotografiadereciennacido.com/#website"},"datePublished":"2019-07-14T01:53:44+00:00","dateModified":"2019-07-15T16:20:08+00:00","description":"Por supuesto que todos amamos a nuestros pequeños, pero sabemos que no todo es color de rosas. Muchas veces, como padres, tendemos a cansarnos, a","breadcrumb":{"@id":"https://www.fotografiadereciennacido.com/index.php/como-calmar-a-un-bebe/#breadcrumb"},"inLanguage":"es","potentialAction":[{"@type":"ReadAction","target":["https://www.fotografiadereciennacido.com/index.php/como-calmar-a-un-bebe/"]}]},{"@type":"BreadcrumbList","@id":"https://www.fotografiadereciennacido.com/index.php/como-calmar-a-un-bebe/#breadcrumb","itemListElement":[{"@type":"ListItem","position":1,"name":"Portada","item":"https://www.fotografiadereciennacido.com/"},{"@type":"ListItem","position":2,"name":"¿Cómo calmar a un bebé?"}]},{"@type":"WebSite","@id":"https://www.fotografiadereciennacido.com/#website","url":"https://www.fotografiadereciennacido.com/","name":"Eloísa Roquero Fotografía","description":"Fotograf&iacute;a Infantil en San Jos&eacute; de Mayo","publisher":{"@id":"https://www.fotografiadereciennacido.com/#/schema/person/85f22c1d782294d6ff0beb11f09b368c"},"potentialAction":[{"@type":"SearchAction","target":{"@type":"EntryPoint","urlTemplate":"https://www.fotografiadereciennacido.com/?s={search_term_string}"},"query-input":"required name=search_term_string"}],"inLanguage":"es"},{"@type":["Person","Organization"],"@id":"https://www.fotografiadereciennacido.com/#/schema/person/85f22c1d782294d6ff0beb11f09b368c","name":"admin","image":{"@type":"ImageObject","inLanguage":"es","@id":"https://www.fotografiadereciennacido.com/#/schema/person/image/","url":"https://secure.gravatar.com/avatar/7fe5df0765ebcb75c457e93ea01d8886?s=96&d=mm&r=g","contentUrl":"https://secure.gravatar.com/avatar/7fe5df0765ebcb75c457e93ea01d8886?s=96&d=mm&r=g","caption":"admin"},"logo":{"@id":"https://www.fotografiadereciennacido.com/#/schema/person/image/"}}]}</script>
<!-- / Yoast SEO plugin. -->

Por supuesto que todos amamos a nuestros pequeños, pero sabemos que no todo es color de rosas. Muchas veces, como padres, tendemos a cansarnos, a

Eloísa Roquero Fotografía
